{"id":19858,"date":"2025-01-28T18:33:44","date_gmt":"2025-01-28T17:33:44","guid":{"rendered":"https:\/\/librairie.mca-alfortville.com\/product\/la-france-face-au-genocide-des-armeniens-du-milieu-du-xixe-siecle-a-nos-jours\/"},"modified":"2025-10-13T15:48:40","modified_gmt":"2025-10-13T14:48:40","slug":"la-france-face-au-genocide-des-armeniens-du-milieu-du-xixe-siecle-a-nos-jours","status":"publish","type":"product","link":"https:\/\/librairie.mca-alfortville.com\/hy\/product\/la-france-face-au-genocide-des-armeniens-du-milieu-du-xixe-siecle-a-nos-jours\/","title":{"rendered":"La France face au g\u00e9nocide des Arm\u00e9niens du milieu du XIXe si\u00e8cle \u00e0 nos jours"},"content":{"rendered":"","protected":false},"excerpt":{"rendered":"","protected":false},"featured_media":10507,"template":"","meta":{"_acf_changed":false,"inline_featured_image":false},"annee":[161],"auteur":[1524],"collection":[],"editeur":[3087],"language":[90],"ville":[114],"product_brand":[],"product_cat":[3584],"product_tag":[],"class_list":["post-19858","product","type-product","status-publish","has-post-thumbnail","annee-161","auteur-duclert-vincent","editeur-fayard","language-francais","ville-paris","product_cat-3584","first","instock","purchasable","product-type-simple"],"acf":[],"_links":{"self":[{"href":"https:\/\/librairie.mca-alfortville.com\/hy\/wp-json\/wp\/v2\/product\/19858","targetHints":{"allow":["GET"]}}],"collection":[{"href":"https:\/\/librairie.mca-alfortville.com\/hy\/wp-json\/wp\/v2\/product"}],"about":[{"href":"https:\/\/librairie.mca-alfortville.com\/hy\/wp-json\/wp\/v2\/types\/product"}],"wp:featuredmedia":[{"embeddable":true,"href":"https:\/\/librairie.mca-alfortville.com\/hy\/wp-json\/wp\/v2\/media\/10507"}],"wp:attachment":[{"href":"https:\/\/librairie.mca-alfortville.com\/hy\/wp-json\/wp\/v2\/media?parent=19858"}],"wp:term":[{"taxonomy":"annee","embeddable":true,"href":"https:\/\/librairie.mca-alfortville.com\/hy\/wp-json\/wp\/v2\/annee?post=19858"},{"taxonomy":"auteur","embeddable":true,"href":"https:\/\/librairie.mca-alfortville.com\/hy\/wp-json\/wp\/v2\/auteur?post=19858"},{"taxonomy":"collection","embeddable":true,"href":"https:\/\/librairie.mca-alfortville.com\/hy\/wp-json\/wp\/v2\/collection?post=19858"},{"taxonomy":"editeur","embeddable":true,"href":"https:\/\/librairie.mca-alfortville.com\/hy\/wp-json\/wp\/v2\/editeur?post=19858"},{"taxonomy":"language","embeddable":true,"href":"https:\/\/librairie.mca-alfortville.com\/hy\/wp-json\/wp\/v2\/language?post=19858"},{"taxonomy":"ville","embeddable":true,"href":"https:\/\/librairie.mca-alfortville.com\/hy\/wp-json\/wp\/v2\/ville?post=19858"},{"taxonomy":"product_brand","embeddable":true,"href":"https:\/\/librairie.mca-alfortville.com\/hy\/wp-json\/wp\/v2\/product_brand?post=19858"},{"taxonomy":"product_cat","embeddable":true,"href":"https:\/\/librairie.mca-alfortville.com\/hy\/wp-json\/wp\/v2\/product_cat?post=19858"},{"taxonomy":"product_tag","embeddable":true,"href":"https:\/\/librairie.mca-alfortville.com\/hy\/wp-json\/wp\/v2\/product_tag?post=19858"}],"curies":[{"name":"wp","href":"https:\/\/api.w.org\/{rel}","templated":true}]}}

La France face au génocide des Arméniens du milieu du XIXe siècle à nos jours
