{"id":19851,"date":"2025-01-28T18:33:44","date_gmt":"2025-01-28T17:33:44","guid":{"rendered":"https:\/\/librairie.mca-alfortville.com\/product\/armeniens-et-catholiques-de-lemancipation-au-schisme-une-identite-calitesontrariee-au-temps-de-leveil-des-nation\/"},"modified":"2025-10-13T15:47:05","modified_gmt":"2025-10-13T14:47:05","slug":"armeniens-et-catholiques-de-lemancipation-au-schisme-une-identite-calitesontrariee-au-temps-de-leveil-des-nation","status":"publish","type":"product","link":"https:\/\/librairie.mca-alfortville.com\/hy\/product\/armeniens-et-catholiques-de-lemancipation-au-schisme-une-identite-calitesontrariee-au-temps-de-leveil-des-nation\/","title":{"rendered":"Arm\u00e9niens et catholiques, de l&#8217;\u00e9mancipation au schisme: une identit\u00e9 calit\u00e9sontrari\u00e9e au temps de l&#8217;\u00e9veil des nation"},"content":{"rendered":"","protected":false},"excerpt":{"rendered":"","protected":false},"featured_media":10493,"template":"","meta":{"_acf_changed":false,"inline_featured_image":false},"annee":[124],"auteur":[1887],"collection":[],"editeur":[3084],"language":[90],"ville":[114],"product_brand":[],"product_cat":[3582],"product_tag":[],"class_list":["post-19851","product","type-product","status-publish","has-post-thumbnail","annee-124","auteur-dermarkar-salim","editeur-cerf-patrimoines","language-francais","ville-paris","product_cat-3582","first","outofstock","purchasable","product-type-simple"],"acf":[],"_links":{"self":[{"href":"https:\/\/librairie.mca-alfortville.com\/hy\/wp-json\/wp\/v2\/product\/19851","targetHints":{"allow":["GET"]}}],"collection":[{"href":"https:\/\/librairie.mca-alfortville.com\/hy\/wp-json\/wp\/v2\/product"}],"about":[{"href":"https:\/\/librairie.mca-alfortville.com\/hy\/wp-json\/wp\/v2\/types\/product"}],"wp:featuredmedia":[{"embeddable":true,"href":"https:\/\/librairie.mca-alfortville.com\/hy\/wp-json\/wp\/v2\/media\/10493"}],"wp:attachment":[{"href":"https:\/\/librairie.mca-alfortville.com\/hy\/wp-json\/wp\/v2\/media?parent=19851"}],"wp:term":[{"taxonomy":"annee","embeddable":true,"href":"https:\/\/librairie.mca-alfortville.com\/hy\/wp-json\/wp\/v2\/annee?post=19851"},{"taxonomy":"auteur","embeddable":true,"href":"https:\/\/librairie.mca-alfortville.com\/hy\/wp-json\/wp\/v2\/auteur?post=19851"},{"taxonomy":"collection","embeddable":true,"href":"https:\/\/librairie.mca-alfortville.com\/hy\/wp-json\/wp\/v2\/collection?post=19851"},{"taxonomy":"editeur","embeddable":true,"href":"https:\/\/librairie.mca-alfortville.com\/hy\/wp-json\/wp\/v2\/editeur?post=19851"},{"taxonomy":"language","embeddable":true,"href":"https:\/\/librairie.mca-alfortville.com\/hy\/wp-json\/wp\/v2\/language?post=19851"},{"taxonomy":"ville","embeddable":true,"href":"https:\/\/librairie.mca-alfortville.com\/hy\/wp-json\/wp\/v2\/ville?post=19851"},{"taxonomy":"product_brand","embeddable":true,"href":"https:\/\/librairie.mca-alfortville.com\/hy\/wp-json\/wp\/v2\/product_brand?post=19851"},{"taxonomy":"product_cat","embeddable":true,"href":"https:\/\/librairie.mca-alfortville.com\/hy\/wp-json\/wp\/v2\/product_cat?post=19851"},{"taxonomy":"product_tag","embeddable":true,"href":"https:\/\/librairie.mca-alfortville.com\/hy\/wp-json\/wp\/v2\/product_tag?post=19851"}],"curies":[{"name":"wp","href":"https:\/\/api.w.org\/{rel}","templated":true}]}}

Arméniens et catholiques, de l&#8217;émancipation au schisme: une identité calitésontrariée au temps de l&#8217;éveil des nation
