{"id":19492,"date":"2025-01-28T18:57:55","date_gmt":"2025-01-28T17:57:55","guid":{"rendered":"https:\/\/librairie.mca-alfortville.com\/product\/saint-servatius-darmenie-premier-eveque-de-maastricht\/"},"modified":"2025-10-13T15:51:04","modified_gmt":"2025-10-13T14:51:04","slug":"saint-servatius-darmenie-premier-eveque-de-maastricht","status":"publish","type":"product","link":"https:\/\/librairie.mca-alfortville.com\/hy\/product\/saint-servatius-darmenie-premier-eveque-de-maastricht\/","title":{"rendered":"Saint Servatius d&#8217;Arm\u00e9nie, premier \u00e9v\u00eaque de Maastricht"},"content":{"rendered":"","protected":false},"excerpt":{"rendered":"","protected":false},"featured_media":17364,"template":"","meta":{"_acf_changed":false,"inline_featured_image":false},"annee":[109],"auteur":[2590,2587],"collection":[2591],"editeur":[3031],"language":[90],"ville":[1004],"product_brand":[],"product_cat":[3591],"product_tag":[],"class_list":["post-19492","product","type-product","status-publish","has-post-thumbnail","annee-109","auteur-khayiguian-georges","auteur-yevadian-maxime-k","collection-collection-armenia-christiana","editeur-sources-darmenie","language-francais","ville-lyon","product_cat-3591","first","instock","purchasable","product-type-simple"],"acf":[],"_links":{"self":[{"href":"https:\/\/librairie.mca-alfortville.com\/hy\/wp-json\/wp\/v2\/product\/19492","targetHints":{"allow":["GET"]}}],"collection":[{"href":"https:\/\/librairie.mca-alfortville.com\/hy\/wp-json\/wp\/v2\/product"}],"about":[{"href":"https:\/\/librairie.mca-alfortville.com\/hy\/wp-json\/wp\/v2\/types\/product"}],"wp:featuredmedia":[{"embeddable":true,"href":"https:\/\/librairie.mca-alfortville.com\/hy\/wp-json\/wp\/v2\/media\/17364"}],"wp:attachment":[{"href":"https:\/\/librairie.mca-alfortville.com\/hy\/wp-json\/wp\/v2\/media?parent=19492"}],"wp:term":[{"taxonomy":"annee","embeddable":true,"href":"https:\/\/librairie.mca-alfortville.com\/hy\/wp-json\/wp\/v2\/annee?post=19492"},{"taxonomy":"auteur","embeddable":true,"href":"https:\/\/librairie.mca-alfortville.com\/hy\/wp-json\/wp\/v2\/auteur?post=19492"},{"taxonomy":"collection","embeddable":true,"href":"https:\/\/librairie.mca-alfortville.com\/hy\/wp-json\/wp\/v2\/collection?post=19492"},{"taxonomy":"editeur","embeddable":true,"href":"https:\/\/librairie.mca-alfortville.com\/hy\/wp-json\/wp\/v2\/editeur?post=19492"},{"taxonomy":"language","embeddable":true,"href":"https:\/\/librairie.mca-alfortville.com\/hy\/wp-json\/wp\/v2\/language?post=19492"},{"taxonomy":"ville","embeddable":true,"href":"https:\/\/librairie.mca-alfortville.com\/hy\/wp-json\/wp\/v2\/ville?post=19492"},{"taxonomy":"product_brand","embeddable":true,"href":"https:\/\/librairie.mca-alfortville.com\/hy\/wp-json\/wp\/v2\/product_brand?post=19492"},{"taxonomy":"product_cat","embeddable":true,"href":"https:\/\/librairie.mca-alfortville.com\/hy\/wp-json\/wp\/v2\/product_cat?post=19492"},{"taxonomy":"product_tag","embeddable":true,"href":"https:\/\/librairie.mca-alfortville.com\/hy\/wp-json\/wp\/v2\/product_tag?post=19492"}],"curies":[{"name":"wp","href":"https:\/\/api.w.org\/{rel}","templated":true}]}}

Saint Servatius d&#8217;Arménie, premier évêque de Maastricht
