{"id":19011,"date":"2025-01-28T18:38:37","date_gmt":"2025-01-28T17:38:37","guid":{"rendered":"https:\/\/librairie.mca-alfortville.com\/product\/du-genocide-des-armeniens-a-la-shoah\/"},"modified":"2025-10-13T15:47:46","modified_gmt":"2025-10-13T14:47:46","slug":"du-genocide-des-armeniens-a-la-shoah","status":"publish","type":"product","link":"https:\/\/librairie.mca-alfortville.com\/hy\/product\/du-genocide-des-armeniens-a-la-shoah\/","title":{"rendered":"Du g\u00e9nocide des Arm\u00e9niens \u00e0 la Shoah"},"content":{"rendered":"","protected":false},"excerpt":{"rendered":"","protected":false},"featured_media":10903,"template":"","meta":{"_acf_changed":false,"inline_featured_image":false},"annee":[161],"auteur":[2207,2206],"collection":[],"editeur":[3192],"language":[90],"ville":[1172],"product_brand":[],"product_cat":[3584],"product_tag":[],"class_list":["post-19011","product","type-product","status-publish","has-post-thumbnail","annee-161","auteur-carol-lancu","auteur-gerard-dedeyan","editeur-editions-privat","language-francais","ville-toulouse","product_cat-3584","first","instock","purchasable","product-type-simple"],"acf":[],"_links":{"self":[{"href":"https:\/\/librairie.mca-alfortville.com\/hy\/wp-json\/wp\/v2\/product\/19011","targetHints":{"allow":["GET"]}}],"collection":[{"href":"https:\/\/librairie.mca-alfortville.com\/hy\/wp-json\/wp\/v2\/product"}],"about":[{"href":"https:\/\/librairie.mca-alfortville.com\/hy\/wp-json\/wp\/v2\/types\/product"}],"wp:featuredmedia":[{"embeddable":true,"href":"https:\/\/librairie.mca-alfortville.com\/hy\/wp-json\/wp\/v2\/media\/10903"}],"wp:attachment":[{"href":"https:\/\/librairie.mca-alfortville.com\/hy\/wp-json\/wp\/v2\/media?parent=19011"}],"wp:term":[{"taxonomy":"annee","embeddable":true,"href":"https:\/\/librairie.mca-alfortville.com\/hy\/wp-json\/wp\/v2\/annee?post=19011"},{"taxonomy":"auteur","embeddable":true,"href":"https:\/\/librairie.mca-alfortville.com\/hy\/wp-json\/wp\/v2\/auteur?post=19011"},{"taxonomy":"collection","embeddable":true,"href":"https:\/\/librairie.mca-alfortville.com\/hy\/wp-json\/wp\/v2\/collection?post=19011"},{"taxonomy":"editeur","embeddable":true,"href":"https:\/\/librairie.mca-alfortville.com\/hy\/wp-json\/wp\/v2\/editeur?post=19011"},{"taxonomy":"language","embeddable":true,"href":"https:\/\/librairie.mca-alfortville.com\/hy\/wp-json\/wp\/v2\/language?post=19011"},{"taxonomy":"ville","embeddable":true,"href":"https:\/\/librairie.mca-alfortville.com\/hy\/wp-json\/wp\/v2\/ville?post=19011"},{"taxonomy":"product_brand","embeddable":true,"href":"https:\/\/librairie.mca-alfortville.com\/hy\/wp-json\/wp\/v2\/product_brand?post=19011"},{"taxonomy":"product_cat","embeddable":true,"href":"https:\/\/librairie.mca-alfortville.com\/hy\/wp-json\/wp\/v2\/product_cat?post=19011"},{"taxonomy":"product_tag","embeddable":true,"href":"https:\/\/librairie.mca-alfortville.com\/hy\/wp-json\/wp\/v2\/product_tag?post=19011"}],"curies":[{"name":"wp","href":"https:\/\/api.w.org\/{rel}","templated":true}]}}

Du génocide des Arméniens à la Shoah
