{"id":18921,"date":"2025-01-28T18:40:19","date_gmt":"2025-01-28T17:40:19","guid":{"rendered":"https:\/\/librairie.mca-alfortville.com\/product\/manouchian-missak-et-melinee-manouchian-deux-orphelins-du-genocide-des-armeniens-engages-dans-la-resistance-francais\/"},"modified":"2026-04-08T09:33:40","modified_gmt":"2026-04-08T08:33:40","slug":"manouchian-missak-et-melinee-manouchian-deux-orphelins-du-genocide-des-armeniens-engages-dans-la-resistance-francais","status":"publish","type":"product","link":"https:\/\/librairie.mca-alfortville.com\/hy\/product\/manouchian-missak-et-melinee-manouchian-deux-orphelins-du-genocide-des-armeniens-engages-dans-la-resistance-francais\/","title":{"rendered":"Manouchian : Missak et M\u00e9lin\u00e9e Manouchian, deux orphelins du g\u00e9nocide des Arm\u00e9niens engag\u00e9s dans la R\u00e9sistance fran\u00e7ais"},"content":{"rendered":"","protected":false},"excerpt":{"rendered":"","protected":false},"featured_media":15614,"template":"","meta":{"_acf_changed":false,"inline_featured_image":false},"annee":[94],"auteur":[2326,1167,2344],"collection":[],"editeur":[3247],"language":[90],"ville":[114],"product_brand":[],"product_cat":[3584],"product_tag":[],"class_list":["post-18921","product","type-product","status-publish","has-post-thumbnail","annee-94","auteur-atamian-astrig","auteur-mouradian-claire","auteur-peschanski-denis","editeur-textuel","language-francais","ville-paris","product_cat-3584","first","instock","purchasable","product-type-simple"],"acf":[],"_links":{"self":[{"href":"https:\/\/librairie.mca-alfortville.com\/hy\/wp-json\/wp\/v2\/product\/18921","targetHints":{"allow":["GET"]}}],"collection":[{"href":"https:\/\/librairie.mca-alfortville.com\/hy\/wp-json\/wp\/v2\/product"}],"about":[{"href":"https:\/\/librairie.mca-alfortville.com\/hy\/wp-json\/wp\/v2\/types\/product"}],"wp:featuredmedia":[{"embeddable":true,"href":"https:\/\/librairie.mca-alfortville.com\/hy\/wp-json\/wp\/v2\/media\/15614"}],"wp:attachment":[{"href":"https:\/\/librairie.mca-alfortville.com\/hy\/wp-json\/wp\/v2\/media?parent=18921"}],"wp:term":[{"taxonomy":"annee","embeddable":true,"href":"https:\/\/librairie.mca-alfortville.com\/hy\/wp-json\/wp\/v2\/annee?post=18921"},{"taxonomy":"auteur","embeddable":true,"href":"https:\/\/librairie.mca-alfortville.com\/hy\/wp-json\/wp\/v2\/auteur?post=18921"},{"taxonomy":"collection","embeddable":true,"href":"https:\/\/librairie.mca-alfortville.com\/hy\/wp-json\/wp\/v2\/collection?post=18921"},{"taxonomy":"editeur","embeddable":true,"href":"https:\/\/librairie.mca-alfortville.com\/hy\/wp-json\/wp\/v2\/editeur?post=18921"},{"taxonomy":"language","embeddable":true,"href":"https:\/\/librairie.mca-alfortville.com\/hy\/wp-json\/wp\/v2\/language?post=18921"},{"taxonomy":"ville","embeddable":true,"href":"https:\/\/librairie.mca-alfortville.com\/hy\/wp-json\/wp\/v2\/ville?post=18921"},{"taxonomy":"product_brand","embeddable":true,"href":"https:\/\/librairie.mca-alfortville.com\/hy\/wp-json\/wp\/v2\/product_brand?post=18921"},{"taxonomy":"product_cat","embeddable":true,"href":"https:\/\/librairie.mca-alfortville.com\/hy\/wp-json\/wp\/v2\/product_cat?post=18921"},{"taxonomy":"product_tag","embeddable":true,"href":"https:\/\/librairie.mca-alfortville.com\/hy\/wp-json\/wp\/v2\/product_tag?post=18921"}],"curies":[{"name":"wp","href":"https:\/\/api.w.org\/{rel}","templated":true}]}}

Manouchian : Missak et Mélinée Manouchian, deux orphelins du génocide des Arméniens engagés dans la Résistance français
