{"id":18904,"date":"2025-01-28T18:42:43","date_gmt":"2025-01-28T17:42:43","guid":{"rendered":"https:\/\/librairie.mca-alfortville.com\/product\/les-differends-armeno-turcs-ou-la-quete-de-justice-au-regard-des-principes-du-droit-international\/"},"modified":"2025-10-13T15:49:48","modified_gmt":"2025-10-13T14:49:48","slug":"les-differends-armeno-turcs-ou-la-quete-de-justice-au-regard-des-principes-du-droit-international","status":"publish","type":"product","link":"https:\/\/librairie.mca-alfortville.com\/hy\/product\/les-differends-armeno-turcs-ou-la-quete-de-justice-au-regard-des-principes-du-droit-international\/","title":{"rendered":"Les diff\u00e9rends arm\u00e9no-turcs ou La qu\u00eate de justice au regard des principes du droit international"},"content":{"rendered":"","protected":false},"excerpt":{"rendered":"","protected":false},"featured_media":11233,"template":"","meta":{"_acf_changed":false,"inline_featured_image":false},"annee":[381],"auteur":[1663],"collection":[2482],"editeur":[2916],"language":[90],"ville":[452],"product_brand":[],"product_cat":[3584],"product_tag":[],"class_list":["post-18904","product","type-product","status-publish","has-post-thumbnail","annee-381","auteur-guerguerian-gerard","collection-vie-politique-alfortville","editeur-sigest","language-francais","ville-alfortville","product_cat-3584","first","instock","purchasable","product-type-simple"],"acf":[],"_links":{"self":[{"href":"https:\/\/librairie.mca-alfortville.com\/hy\/wp-json\/wp\/v2\/product\/18904","targetHints":{"allow":["GET"]}}],"collection":[{"href":"https:\/\/librairie.mca-alfortville.com\/hy\/wp-json\/wp\/v2\/product"}],"about":[{"href":"https:\/\/librairie.mca-alfortville.com\/hy\/wp-json\/wp\/v2\/types\/product"}],"wp:featuredmedia":[{"embeddable":true,"href":"https:\/\/librairie.mca-alfortville.com\/hy\/wp-json\/wp\/v2\/media\/11233"}],"wp:attachment":[{"href":"https:\/\/librairie.mca-alfortville.com\/hy\/wp-json\/wp\/v2\/media?parent=18904"}],"wp:term":[{"taxonomy":"annee","embeddable":true,"href":"https:\/\/librairie.mca-alfortville.com\/hy\/wp-json\/wp\/v2\/annee?post=18904"},{"taxonomy":"auteur","embeddable":true,"href":"https:\/\/librairie.mca-alfortville.com\/hy\/wp-json\/wp\/v2\/auteur?post=18904"},{"taxonomy":"collection","embeddable":true,"href":"https:\/\/librairie.mca-alfortville.com\/hy\/wp-json\/wp\/v2\/collection?post=18904"},{"taxonomy":"editeur","embeddable":true,"href":"https:\/\/librairie.mca-alfortville.com\/hy\/wp-json\/wp\/v2\/editeur?post=18904"},{"taxonomy":"language","embeddable":true,"href":"https:\/\/librairie.mca-alfortville.com\/hy\/wp-json\/wp\/v2\/language?post=18904"},{"taxonomy":"ville","embeddable":true,"href":"https:\/\/librairie.mca-alfortville.com\/hy\/wp-json\/wp\/v2\/ville?post=18904"},{"taxonomy":"product_brand","embeddable":true,"href":"https:\/\/librairie.mca-alfortville.com\/hy\/wp-json\/wp\/v2\/product_brand?post=18904"},{"taxonomy":"product_cat","embeddable":true,"href":"https:\/\/librairie.mca-alfortville.com\/hy\/wp-json\/wp\/v2\/product_cat?post=18904"},{"taxonomy":"product_tag","embeddable":true,"href":"https:\/\/librairie.mca-alfortville.com\/hy\/wp-json\/wp\/v2\/product_tag?post=18904"}],"curies":[{"name":"wp","href":"https:\/\/api.w.org\/{rel}","templated":true}]}}

Les différends arméno-turcs ou La quête de justice au regard des principes du droit international
