{"id":18878,"date":"2025-01-28T18:43:24","date_gmt":"2025-01-28T17:43:24","guid":{"rendered":"https:\/\/librairie.mca-alfortville.com\/product\/les-evenements-politico-religieux-en-proche-orient-de-1914-a-1928\/"},"modified":"2025-10-13T15:49:51","modified_gmt":"2025-10-13T14:49:51","slug":"les-evenements-politico-religieux-en-proche-orient-de-1914-a-1928","status":"publish","type":"product","link":"https:\/\/librairie.mca-alfortville.com\/hy\/product\/les-evenements-politico-religieux-en-proche-orient-de-1914-a-1928\/","title":{"rendered":"Les \u00e9v\u00e9nements politico-religieux en Proche-Orient de 1914 \u00e0 1928"},"content":{"rendered":"","protected":false},"excerpt":{"rendered":"","protected":false},"featured_media":16926,"template":"","meta":{"_acf_changed":false,"inline_featured_image":false},"annee":[273],"auteur":[2513],"collection":[],"editeur":[3280],"language":[90],"ville":[1009],"product_brand":[],"product_cat":[3590],"product_tag":[],"class_list":["post-18878","product","type-product","status-publish","has-post-thumbnail","annee-273","auteur-naslian-jean","editeur-le-cercle-decrits-caucasiens","language-francais","ville-chamigny","product_cat-3590","first","instock","purchasable","product-type-simple"],"acf":[],"_links":{"self":[{"href":"https:\/\/librairie.mca-alfortville.com\/hy\/wp-json\/wp\/v2\/product\/18878","targetHints":{"allow":["GET"]}}],"collection":[{"href":"https:\/\/librairie.mca-alfortville.com\/hy\/wp-json\/wp\/v2\/product"}],"about":[{"href":"https:\/\/librairie.mca-alfortville.com\/hy\/wp-json\/wp\/v2\/types\/product"}],"wp:featuredmedia":[{"embeddable":true,"href":"https:\/\/librairie.mca-alfortville.com\/hy\/wp-json\/wp\/v2\/media\/16926"}],"wp:attachment":[{"href":"https:\/\/librairie.mca-alfortville.com\/hy\/wp-json\/wp\/v2\/media?parent=18878"}],"wp:term":[{"taxonomy":"annee","embeddable":true,"href":"https:\/\/librairie.mca-alfortville.com\/hy\/wp-json\/wp\/v2\/annee?post=18878"},{"taxonomy":"auteur","embeddable":true,"href":"https:\/\/librairie.mca-alfortville.com\/hy\/wp-json\/wp\/v2\/auteur?post=18878"},{"taxonomy":"collection","embeddable":true,"href":"https:\/\/librairie.mca-alfortville.com\/hy\/wp-json\/wp\/v2\/collection?post=18878"},{"taxonomy":"editeur","embeddable":true,"href":"https:\/\/librairie.mca-alfortville.com\/hy\/wp-json\/wp\/v2\/editeur?post=18878"},{"taxonomy":"language","embeddable":true,"href":"https:\/\/librairie.mca-alfortville.com\/hy\/wp-json\/wp\/v2\/language?post=18878"},{"taxonomy":"ville","embeddable":true,"href":"https:\/\/librairie.mca-alfortville.com\/hy\/wp-json\/wp\/v2\/ville?post=18878"},{"taxonomy":"product_brand","embeddable":true,"href":"https:\/\/librairie.mca-alfortville.com\/hy\/wp-json\/wp\/v2\/product_brand?post=18878"},{"taxonomy":"product_cat","embeddable":true,"href":"https:\/\/librairie.mca-alfortville.com\/hy\/wp-json\/wp\/v2\/product_cat?post=18878"},{"taxonomy":"product_tag","embeddable":true,"href":"https:\/\/librairie.mca-alfortville.com\/hy\/wp-json\/wp\/v2\/product_tag?post=18878"}],"curies":[{"name":"wp","href":"https:\/\/api.w.org\/{rel}","templated":true}]}}

Les événements politico-religieux en Proche-Orient de 1914 à 1928
